 Is 8 a factor of (-3)/15 + j/5?
False
Let d(s) = 4*s**2 + s + 22. Let t(w) = -5*w**2 - 2*w - 23. Let n(x) = -7*d(x) - 6*t(x). Is n(-6) a multiple of 2?
True
Is 21 a factor of ((224/6)/4)/((-4)/(-18))?
True
Let s(v) = 4*v**3 - 5*v**2 - 6*v + 11. Let o(d) = -7*d**3 + 11*d**2 + 13*d - 22. Let m(u) = -3*o(u) - 5*s(u). Does 2 divide m(9)?
False
Let b = -94 + 94. Suppose b = -2*z + 5*n + 325, 3*z - 315 = -5*n + 210. Is z a multiple of 10?
True
Suppose 0 = z - 84 + 26. Is z a multiple of 29?
True
Suppose -2*j + 20*j - 558 = 0. Let v = j + -5. Is 13 a factor of v?
True
Let j = 240 + -224. Is j a multiple of 4?
True
Let r(x) = 8*x + 2. Let b be r(-4). Let g = -6 - b. Suppose 0 = -a + 2 + g. Does 3 divide a?
False
Suppose 508 + 210 = 2*s. Is 38 a factor of s?
False
Suppose -f = -m - 271, 8*m = 3*m + 10. Let x = f + -148. Is x a multiple of 25?
True
Suppose 0 = -7*v + 14*v + 1883. Let y = 499 + v. Is y a multiple of 23?
True
Let s(a) = -7*a + a**3 + 1 + 8*a**2 - 4*a**2 + a**2. Let r(d) = 7*d**3 + d**2. Let h be r(-1). Is s(h) a multiple of 3?
False
Let y(g) = -4*g**2 + 4*g - 10. Let q(f) = -f**2 + f - 1. Let a(n) = -5*q(n) + y(n). Let x be a(-4). Suppose 11*b - x*b = -176. Is b a multiple of 20?
False
Suppose 0 = -t + 5, -g + 151 = 2*t + 35. Does 12 divide g?
False
Let h = 238 + -178. Does 5 divide h?
True
Suppose -3*g - 3828 = -4*p, -p = 5*g - 1206 + 249. Is p a multiple of 33?
True
Let g(u) = -u**2 + 7*u + 16. Let s be g(12). Let i = s + 95. Is 12 a factor of i?
False
Suppose y - 3*y - 5*d = -36, 0 = -5*y - 5*d + 75. Suppose 0 = -3*z - 9 + 21. Suppose -4*q + y + 7 = -4*m, -2*q - z*m = -28. Is q a multiple of 3?
False
Let x(k) be the first derivative of -41/2*k**2 - 3*k - 13. Is x(-1) a multiple of 20?
False
Suppose 0 = -5*n + 4*n + 392. Suppose s + 3*s + n = 0. Let z = -67 - s. Is 31 a factor of z?
True
Suppose -d + 507 - 180 = 0. Is d a multiple of 24?
False
Let b(a) = -a**3 - 4*a**2 + 11. Suppose 4*g - 4*m - m = 12, -5*m = g - 3. Suppose -s = -5*h - 29, h - 7*s + 21 = -g*s. Is 17 a factor of b(h)?
False
Let l(q) = 2*q**2 - 11*q + 14. Let v be (-9)/(4/8*-3). Is l(v) a multiple of 5?
True
Let a be (-254)/6 + (-7)/(-21). Let t be 2/(-11) - a/(-11). Is ((-6)/(-4))/((-3)/t) even?
True
Let c be (-18)/12*(-16)/6. Is 2 - (35*-4)/c a multiple of 27?
False
Let j(t) = -22*t - t**2 + 15*t + 25 + 2*t**2. Is 27 a factor of j(-9)?
False
Let t be (5 - 3)*(-71)/2. Let o = -31 - t. Does 5 divide o?
True
Let b = -21 - -477. Is b a multiple of 19?
True
Let a = -48 - -115. Let r = a - 33. Does 8 divide (-3)/6*r/(-1)?
False
Let p = -26 + 27. Is 5 a factor of p - 1*(-16 - -2)?
True
Let t = 20 + -16. Suppose -78 = -2*q - t*q. Does 9 divide q?
False
Let i(j) = j**2 + j + 2. Let t = 24 + -24. Suppose -q = -b + 14, -10 = 2*q - t*q. Does 23 divide i(b)?
True
Let i(x) be the first derivative of 2*x**3/3 - 2*x + 19. Suppose -1 - 3 = 2*b. Does 5 divide i(b)?
False
Let d = 164 - -21. Does 15 divide d?
False
Suppose -5*q + 79 = -4*q. Let j = q + -42. Does 5 divide j?
False
Let x(r) = -r**2 - 6*r + 1. Let o be x(-6). Let v = o + 1. Suppose f + 4*q - 33 = -q, -2*f - v*q + 26 = 0. Is f a multiple of 4?
True
Let c = -7 - -15. Let y be c/3*36/(-16). Let n(x) = 2*x**2 + 10*x + 8. Is n(y) a multiple of 10?
True
Let a(q) = -51*q + 28. Let s be a(-3). Suppose 575 = 7*h - s. Does 27 divide h?
True
Let c(w) be the second derivative of 5*w**3/2 + w**2/2 + 7*w. Let f be c(-1). Is 6/21 - 458/f a multiple of 33?
True
Suppose 4*i = -4, 3*y + 5*i - 1477 = 3*i. Is 17 a factor of y?
True
Suppose -t + 3*w + 1029 = 0, -51*w = 2*t - 50*w - 2065. Is t a multiple of 86?
True
Does 5 divide (-824)/(-12)*(23 + -11)?
False
Suppose 2*k + 3*r = 21, 2*k - 28 = -2*r + 6*r. Let x(y) = 2*y + 4. Is 7 a factor of x(k)?
True
Let u(n) = 2*n**2 + 2*n + 2. Let h = 18 - -2. Suppose 0 = 5*y - 0 - h. Is u(y) a multiple of 12?
False
Suppose s = -z - s + 7, -4*s + 20 = 0. Let t = z - -6. Suppose t*k - h - 63 = 0, -4*k + 3*h + 87 - 8 = 0. Does 4 divide k?
False
Suppose 18*g + 14895 = 46215. Is 58 a factor of g?
True
Suppose 3*y = 5*f - 523, 238 - 753 = -5*f + 5*y. Let n = f - 54. Is 8 a factor of n?
False
Let y be (20/(-6) + 3)*-9. Suppose -g = -5*r + 29, -r - y = 2*g - 0. Suppose -4*s + r*a + 33 = -1, -1 = -s + 5*a. Is 4 a factor of s?
False
Suppose -a = -5*a + 20. Suppose 0 = -z - 5*j - 17, a*z + 0*j + 3*j - 3 = 0. Suppose -z*x - 3*q + 48 = 0, -4*q + 40 = 3*x + q. Is 20 a factor of x?
True
Suppose 0 = l + 6 - 4. Let y be l/10 + 56/(-20). Let r(s) = 3*s**2 - 1. Does 5 divide r(y)?
False
Let f be 5/25 + 1/(-5). Suppose -2*u - 12 = -6*u. Suppose -3*i + 39 = -f*i + 4*a, u*a + 18 = 3*i. Is i a multiple of 7?
False
Suppose 2*b + 119 = 3*p, 2*p - 7*p + 49 = -b. Let n = 109 + b. Is 9 a factor of n?
True
Suppose -2134 = -3*j - 559. Is j a multiple of 7?
True
Suppose 7*c - 9*c = -1036. Does 14 divide c?
True
Let n be 1 + -1 + (-28)/1. Let i = 92 + -98. Is (18/12)/(i/n) even?
False
Let y = 3633 - -907. Is y a multiple of 114?
False
Let a = 14 + -2. Let w = a - 12. Suppose w = -3*y + 45 + 21. Is y a multiple of 11?
True
Suppose 14 = 3*l + 5. Suppose l*g + 123 = -0*m + 4*m, 3*m + 3*g - 87 = 0. Suppose 5*j - 151 = -d, 0 = j + 4*d - m - 4. Is j a multiple of 6?
True
Let l(v) be the second derivative of -1/3*v**3 + 0 + 17/10*v**5 + 1/6*v**4 + 1/2*v**2 + 9*v. Is 7 a factor of l(1)?
True
Let m(l) = -25*l - 35. Is 10 a factor of m(-5)?
True
Let z = 48 - -210. Is 80 a factor of z?
False
Let i be 3 - -46*((-84)/(-8))/7. Suppose 2*u - 5*c = 7*u - 160, 2*u - 2*c - i = 0. Is 21 a factor of u?
False
Let s = -12 + 12. Suppose -y + 39 = -s*y. Suppose -3*g + 5*d + y = -13, -d = -5*g + 50. Is 9 a factor of g?
True
Let x be 2/(-8)*(-11 - 1). Suppose 25 = -x*a + 8*a. Suppose -4*g + 2*r = -220, 3*g + a*r = 104 + 87. Is 19 a factor of g?
True
Let v = 10961 - 7511. Does 10 divide v?
True
Is -266*(-2)/(-8)*-2 a multiple of 64?
False
Let v(o) = o**2 + 21*o + 47. Is 23 a factor of v(-28)?
False
Let j = -578 - -876. Is 6 a factor of j?
False
Suppose -o = -35 - 13. Is o a multiple of 6?
True
Let d(w) = -w**3 - 8*w - 17. Is d(-4) a multiple of 38?
False
Suppose -5*k + 1777 - 16 = -4*o, -4*o - 1055 = -3*k. Does 11 divide k?
False
Let f = 9 + -1. Let o(j) = 4*j + 12. Let r be o(f). Suppose 0*a = -4*a + r. Does 5 divide a?
False
Let q = 164 - 122. Does 21 divide q?
True
Let n(q) = q. Let y be n(3). Suppose 4*u = -3*l + 187, -y*l = u - l - 48. Does 12 divide u?
False
Let f = 2622 - 2230. Does 25 divide f?
False
Let j = 1153 + -1029. Does 13 divide j?
False
Suppose 2*l = 3*a + 489, 3*l - 2*a - 959 + 233 = 0. Does 30 divide l?
True
Suppose 4*i + 3*w - 27 = 0, -4*w = -4*i - w + 45. Let m be ((-7)/7)/(1/i). Let a(p) = -6*p - 8. Is a(m) a multiple of 12?
False
Let i = 4152 - 3216. Does 78 divide i?
True
Let l(u) = 24*u**2 + 2*u + 34. Let d be l(-5). Suppose -6*f = -12*f + d. Is f a multiple of 6?
False
Suppose 5*y - 38 - 17 = 0. Let d = y - 6. Suppose d*m = 2*m + 27. Is 5 a factor of m?
False
Let i be (-1)/(1 - 4)*18. Suppose 5*k - 11 - i = -3*a, 15 = -k + 4*a. Is 6 a factor of (2/3)/(k/15)?
False
Let g be 57 - (5 + -2 + -2). Let r = 70 + g. Is r a multiple of 32?
False
Is (3174/(-21))/(12/(-42)) a multiple of 33?
False
Let a = 4870 - 3379. Does 7 divide a?
True
Let x be ((-2)/(-2))/((-5)/10) - -6. Suppose 0 = -4*f - 2*o + 38, -17 = -x*f + 3*f - 2*o. Is f a multiple of 7?
True
Suppose 0*h + 476 = 2*h. Is h a multiple of 16?
False
Suppose 93*m = 112*m + 19. Suppose -3*o - 178 = -4*r, -4*o - 235 = -0*r - 3*r. Is m + (o/(-2) - 3) a multiple of 5?
True
Suppose -3*g + 3*b - b = -739, -4*b = -5*g + 1235. Is g a multiple of 18?
False
Is 4 a factor of (-1)/(-7) + (-2619)/(-189)?
False
Is 28 a factor of 186 + (-5)/(-1) + -7?
False
Let y = -2 + -1. Is (3 - -1) + (-2 - y) even?
False
Let w(g) = -g**3 - 29*g**2 - 133*g - 52. Is w(-24) a multiple of 4?
True
Let z = 2354 - 365. Is 17 a factor of z?
True
Suppose -l = s - 3*l - 8, -l - 4 = 0. Let t be s/4 + (-4 - -2). Is t/2 + (-63)/(-3) a multiple of 7?
False
Let n = 1787 - 1260. Does 17 divide n?
True
Suppose 3*h - 12 = 0, 0*h + h = 2*w. Let j(f) = 22 - 20 - 5*f + w*f. Does 5 divide j(-1)?
True
Let w(m) = 3*m + 3. Suppose -5*x = -15, x - 13 = -5*j - 0*x. Suppose -j*v + 16 = 2*v. Does 15 divide w(v)?
True
Let t = -35 + 30. Let k = -